lculate the highest common divisor of 1900628923 and 401.
401
What is the greatest common divisor of 9152069 and 323?
17
Calculate the greatest common divisor of 148 and 1467790.
74
Calculate the highest common divisor of 955667 and 986847.
1559
What is the greatest common factor of 111888 and 2534?
14
What is the highest common factor of 104281724 and 10566?
1174
Calculate the highest common divisor of 6 and 12202224.
6
What is the greatest common factor of 52 and 9117004?
52
What is the greatest common factor of 648888 and 63384?
456
What is the highest common divisor of 10 and 612658960?
10
Calculate the greatest common factor of 364420 and 40415.
685
What is the greatest common factor of 10611 and 96876?
81
Calculate the highest common factor of 353451 and 14469.
21
What is the greatest common divisor of 342 and 390396?
6
What is the greatest common factor of 55419 and 2064510?
609
What is the greatest common factor of 30464315 and 1900?
95
What is the greatest common factor of 92 and 7696697?
23
What is the greatest common factor of 2162218 and 229?
229
Calculate the greatest common factor of 48114 and 10818.
18
Calculate the highest common divisor of 11723121 and 3753.
1251
What is the highest common factor of 191398836 and 310?
62
What is the greatest common factor of 436484800 and 928?
928
Calculate the greatest common factor of 2622 and 18202.
38
Calculate the highest common factor of 644868185 and 5435.
5435
What is the greatest common factor of 1984 and 7881440?
992
What is the highest common divisor of 783 and 1238329?
29
Calculate the highest common factor of 589100 and 275644.
548
Calculate the greatest common divisor of 16981510 and 40430.
130
What is the greatest common divisor of 308 and 199696?
28
Calculate the greatest common factor of 3735 and 257742639.
747
What is the greatest common factor of 1347662 and 35006?
46
Calculate the highest common divisor of 19986257 and 1256.
157
What is the greatest common divisor of 4524 and 3485724?
12
Calculate the greatest common factor of 79629938 and 170.
34
Calculate the greatest common divisor of 31090350 and 990.
30
Calculate the greatest common divisor of 2347446 and 7399.
151
What is the greatest common divisor of 1052220186 and 23204?
11602
Calculate the highest common divisor of 10 and 294152.
2
Calculate the greatest common divisor of 78647919 and 4611.
159
What is the highest common factor of 519519 and 1944943?
1001
Calculate the greatest common factor of 66 and 19988556.
6
Calculate the greatest common divisor of 61070628 and 393.
393
Calculate the greatest common factor of 703452 and 7320.
732
What is the highest common divisor of 341488 and 217?
7
Calculate the highest common factor of 68000 and 324736.
32
What is the highest common divisor of 19928853 and 798?
399
What is the highest common factor of 51 and 327184278?
51
Calculate the highest common divisor of 168751455 and 12.
3
Calculate the highest common divisor of 165113230 and 1330.
190
Calculate the highest common factor of 4760 and 2484125.
595
What is the highest common factor of 288976824 and 27?
9
Calculate the greatest common factor of 60 and 14815700.
20
What is the highest common divisor of 1027320 and 37380?
420
What is the highest common factor of 505 and 13514911?
101
What is the highest common factor of 18 and 14941116?
18
What is the highest common divisor of 1100 and 1390225?
25
What is the greatest common factor of 256918590 and 36?
18
Calculate the highest common factor of 2052 and 327484.
76
Calculate the greatest common divisor of 2858847 and 3972.
993
Calculate the greatest common divisor of 320 and 1571640.
40
Calculate the highest common divisor of 53232889 and 1349.
1349
What is the highest common factor of 220829288 and 72?
8
What is the highest common factor of 15942108 and 177450?
7098
Calculate the greatest common factor of 12935352 and 1824.
456
What is the greatest common factor of 46374117 and 3819?
3819
What is the highest common divisor of 13875218 and 22480?
562
What is the highest common factor of 117539935 and 185?
185
Calculate the highest common divisor of 7046797 and 139664.
1247
What is the greatest common divisor of 209436 and 84444?
372
Calculate the highest common divisor of 982969 and 2860429.
1079
Calculate the highest common factor of 4577250 and 8427750.
12750
What is the greatest common factor of 30173 and 6148329?
2321
What is the greatest common factor of 330467 and 133?
19
Calculate the greatest common factor of 18 and 11815896.
6
What is the greatest common factor of 1119549 and 525?
3
Calculate the greatest common factor of 114 and 11213990.
38
What is the greatest common factor of 46247 and 301728?
449
Calculate the highest common factor of 2466 and 1499789142.
2466
What is the greatest common divisor of 7332 and 1500?
12
What is the highest common divisor of 22411676 and 364?
28
What is the highest common divisor of 5037774 and 2461?
107
Calculate the highest common factor of 1393944 and 381.
3
What is the greatest common factor of 4660963 and 1076?
269
Calculate the highest common factor of 17558706 and 172.
86
What is the highest common divisor of 2229334620 and 6060?
6060
Calculate the greatest common divisor of 1386 and 21980882.
154
Calculate the greatest common divisor of 247170 and 17026910.
1070
What is the highest common divisor of 41469 and 101982?
69
What is the highest common divisor of 1798 and 30005720?
58
What is the highest common divisor of 30 and 118613290?
10
What is the greatest common factor of 5 and 2113233795?
5
Calculate the highest common divisor of 435 and 1046955.
15
Calculate the highest common factor of 1121 and 641725.
19
Calculate the greatest common factor of 3720 and 635513640.
3720
What is the highest common factor of 702 and 220612626?
702
Calculate the highest common divisor of 2737 and 10178903.
2737
Calculate the highest common factor of 20801266 and 678.
226
What is the highest common factor of 1692124 and 130893?
1897
What is the highest common divisor of 456281728 and 1288?
1288
What is the greatest common divisor of 1923007 and 115?
23
Calculate the greatest common factor of 55824 and 9432.
24
Calculate the greatest common divisor of 20376 and 68323558.
566
Calculate the highest common factor of 156 and 521244724.
52
Calculate the highest common divisor of 390 and 520422890.
130
Calculate the highest common factor of 1092 and 25180064.
364
Calculate the highest common divisor of 3281428 and 8.
4
Calculate the greatest common divisor of 15782150 and 30.
10
What is the highest common divisor of 69 and 6907613?
23
What is the greatest common factor of 2204 and 28079424?
116
Calculate the greatest common divisor of 10183952 and 12512.
272
What is the highest common divisor of 753 and 8149719?
753
What is the highest common factor of 447 and 5436861?
447
What is the highest common factor of 5258 and 87714?
22
Calculate the highest common divisor of 619268302 and 2962.
2962
Calculate the highest common factor of 5246210 and 2675.
535
Calculate the greatest common divisor of 436 and 1951198972.
436
Calculate the greatest common factor of 479325 and 687489.
2739
What is the greatest common factor of 9603 and 42836112?
99
Calculate the greatest common factor of 28224 and 5363388.
36
What is the highest common divisor of 186093264 and 252?
84
Calculate the highest common divisor of 66 and 246925690.
22
What is the highest common divisor of 320008 and 2405852?
724
What is the highest common factor of 4392318 and 138?
6
What is the highest common divisor of 198 and 5976450?
18
Calculate the highest common factor of 14 and 742611835.
7
What is the greatest common factor of 43539 and 6422949?
1893
What is the greatest common factor of 14197518 and 1029267?
10611
What is the greatest common divisor of 16142 and 845971?
7
Calculate the greatest common factor of 10591461 and 12123.
4041
Calculate the greatest common divisor of 140912 and 3728.
16
Calculate the highest common factor of 46 and 105938138.
46
Calculate the highest common divisor of 19841307 and 29.
29
What is the highest common factor of 59695448 and 46696?
3592
Calculate the highest common factor of 1100 and 13276300.
100
What is the highest common factor of 136348 and 